{"id":2,"date":"2016-05-10T03:48:21","date_gmt":"2016-05-10T03:48:21","guid":{"rendered":"http:\/\/hiltmair.de\/?page_id=2"},"modified":"2021-07-25T10:30:45","modified_gmt":"2021-07-25T10:30:45","slug":"sample-page","status":"publish","type":"page","link":"https:\/\/hiltmair.de\/?page_id=2","title":{"rendered":"Hochzeitsfotografie"},"content":{"rendered":"\n<div class=\"wp-block-image is-style-default\"><figure class=\"aligncenter size-full is-resized\"><a href=\"https:\/\/hiltmair.de\/?page_id=373\"><img loading=\"lazy\" decoding=\"async\" src=\"https:\/\/hiltmair.de\/wp-content\/uploads\/2020\/03\/Logo_FB_banner_hiltmair.jpg\" alt=\"\" class=\"wp-image-298\" width=\"699\" height=\"258\" srcset=\"https:\/\/hiltmair.de\/wp-content\/uploads\/2020\/03\/Logo_FB_banner_hiltmair.jpg 851w, https:\/\/hiltmair.de\/wp-content\/uploads\/2020\/03\/Logo_FB_banner_hiltmair-300x111.jpg 300w, https:\/\/hiltmair.de\/wp-content\/uploads\/2020\/03\/Logo_FB_banner_hiltmair-768x284.jpg 768w, https:\/\/hiltmair.de\/wp-content\/uploads\/2020\/03\/Logo_FB_banner_hiltmair-600x222.jpg 600w\" sizes=\"(max-width: 699px) 100vw, 699px\" \/><\/a><\/figure><\/div>\n\n\n\n<figure class=\"wp-block-gallery columns-2 is-cropped wp-block-gallery-1 is-layout-flex wp-block-gallery-is-layout-flex\"><ul class=\"blocks-gallery-grid\"><li class=\"blocks-gallery-item\"><figure><img loading=\"lazy\" decoding=\"async\" width=\"1024\" height=\"768\" src=\"https:\/\/hiltmair.de\/wp-content\/uploads\/2020\/03\/jenny_max_3-1024x768.jpg\" alt=\"\" data-id=\"126\" data-full-url=\"https:\/\/hiltmair.de\/wp-content\/uploads\/2020\/03\/jenny_max_3-scaled.jpg\" data-link=\"https:\/\/hiltmair.de\/?attachment_id=126\" class=\"wp-image-126\" srcset=\"https:\/\/hiltmair.de\/wp-content\/uploads\/2020\/03\/jenny_max_3-1024x768.jpg 1024w, https:\/\/hiltmair.de\/wp-content\/uploads\/2020\/03\/jenny_max_3-300x225.jpg 300w, https:\/\/hiltmair.de\/wp-content\/uploads\/2020\/03\/jenny_max_3-768x576.jpg 768w, https:\/\/hiltmair.de\/wp-content\/uploads\/2020\/03\/jenny_max_3-1536x1152.jpg 1536w, https:\/\/hiltmair.de\/wp-content\/uploads\/2020\/03\/jenny_max_3-2048x1536.jpg 2048w, https:\/\/hiltmair.de\/wp-content\/uploads\/2020\/03\/jenny_max_3-600x450.jpg 600w\" sizes=\"(max-width: 1024px) 100vw, 1024px\" \/><\/figure><\/li><li class=\"blocks-gallery-item\"><figure><img loading=\"lazy\" decoding=\"async\" width=\"1024\" height=\"768\" src=\"https:\/\/hiltmair.de\/wp-content\/uploads\/2020\/03\/jenny_max_4-1024x768.jpg\" alt=\"\" data-id=\"127\" data-full-url=\"https:\/\/hiltmair.de\/wp-content\/uploads\/2020\/03\/jenny_max_4-scaled.jpg\" data-link=\"https:\/\/hiltmair.de\/?attachment_id=127\" class=\"wp-image-127\" srcset=\"https:\/\/hiltmair.de\/wp-content\/uploads\/2020\/03\/jenny_max_4-1024x768.jpg 1024w, https:\/\/hiltmair.de\/wp-content\/uploads\/2020\/03\/jenny_max_4-300x225.jpg 300w, https:\/\/hiltmair.de\/wp-content\/uploads\/2020\/03\/jenny_max_4-768x576.jpg 768w, https:\/\/hiltmair.de\/wp-content\/uploads\/2020\/03\/jenny_max_4-1536x1152.jpg 1536w, https:\/\/hiltmair.de\/wp-content\/uploads\/2020\/03\/jenny_max_4-2048x1536.jpg 2048w, https:\/\/hiltmair.de\/wp-content\/uploads\/2020\/03\/jenny_max_4-600x450.jpg 600w\" sizes=\"(max-width: 1024px) 100vw, 1024px\" \/><\/figure><\/li><\/ul><\/figure>\n\n\n\n<blockquote class=\"wp-block-quote has-text-align-left is-style-large is-layout-flow wp-block-quote-is-layout-flow\"><p>Bereit sein ist viel, warten zu k\u00f6nnen ist mehr, doch erst den rechten Augenblick n\u00fctzen ist alles.<\/p><cite><em>\u2013 Arthur Schnitzler \u2013<\/em><\/cite><\/blockquote>\n\n\n\n<p>Menschen ber\u00fchren. Erinnerungen formen. Verg\u00e4ngliche Momente f\u00fcr immer festhalten.<\/p>\n\n\n\n<p>Die Hochzeit ist einer der sch\u00f6nsten Tage im Leben eines Paares und der Start in die Zukunft. Eure Momente halte ich f\u00fcr die Ewigkeit in einer Hochzeitsreportage fest. Mein Ziel ist es, dass ihr eure Hochzeit durch meine Fotos noch einmal erleben k\u00f6nnen. Die wahre Kunst der Hochzeitsdokumentation liegt nicht nur darin, all die sch\u00f6nen Details zu dokumentieren, sondern Momente einzufangen, die man in der Situation vielleicht gar nicht so sehr wahrnimmt, die aber dann beim Betrachten der Bilder B\u00e4nde sprechen und aufzeigen, welche Wahrheit in einem Gesichtsausdruck oder einem L\u00e4cheln liegt. Um diese Erinnerungen zu schaffen, ist es mir sehr wichtig mich&nbsp; nicht aufzudr\u00e4ngen,&nbsp;sondern&nbsp;Situationen ganz nat\u00fcrlich geschehen zu lassen und dabei immer ein waches Auge zu haben f\u00fcr das, was gerade passiert, oder gleich passieren wird. Beim Shooting k\u00f6nnen Posen helfen, aber meine Erfahrung zeigt, dass selbst wenn man sich unwohl vor der Linse f\u00fchlt sp\u00e4testens nach f\u00fcnf Minuten alle Bedenken verflogen sind. Um diese Stimmung zu schaffen und ein Gef\u00fchl zu bekommen, was bei euch Erinnerungen weckt, ist es mir sehr wichtig, dass wir uns vor einem Fototermin so gut wie m\u00f6glich kennenlernen.<\/p>\n\n\n\n<p><\/p>\n\n\n\n<p><a href=\"https:\/\/hiltmair.de\/?page_id=373\"><strong>Klickt hier f\u00fcr eine Auswahl meiner Hochzeitsreportagen.<\/strong><\/a><\/p>\n","protected":false},"excerpt":{"rendered":"<p>Bereit sein ist viel, warten zu k\u00f6nnen ist mehr, doch erst den rechten Augenblick n\u00fctzen ist alles. \u2013 Arthur Schnitzler \u2013 Menschen ber\u00fchren. Erinnerungen formen. Verg\u00e4ngliche Momente f\u00fcr immer festhalten. Die Hochzeit ist einer der<br \/><a class=\"read-more\" href=\"https:\/\/hiltmair.de\/?page_id=2\">Read More<\/a><\/p>\n","protected":false},"author":1,"featured_media":0,"parent":0,"menu_order":2,"comment_status":"closed","ping_status":"open","template":"","meta":{"footnotes":"","_links_to":"","_links_to_target":""},"class_list":["post-2","page","type-page","status-publish","hentry"],"_links":{"self":[{"href":"https:\/\/hiltmair.de\/index.php?rest_route=\/wp\/v2\/pages\/2"}],"collection":[{"href":"https:\/\/hiltmair.de\/index.php?rest_route=\/wp\/v2\/pages"}],"about":[{"href":"https:\/\/hiltmair.de\/index.php?rest_route=\/wp\/v2\/types\/page"}],"author":[{"embeddable":true,"href":"https:\/\/hiltmair.de\/index.php?rest_route=\/wp\/v2\/users\/1"}],"replies":[{"embeddable":true,"href":"https:\/\/hiltmair.de\/index.php?rest_route=%2Fwp%2Fv2%2Fcomments&post=2"}],"version-history":[{"count":26,"href":"https:\/\/hiltmair.de\/index.php?rest_route=\/wp\/v2\/pages\/2\/revisions"}],"predecessor-version":[{"id":423,"href":"https:\/\/hiltmair.de\/index.php?rest_route=\/wp\/v2\/pages\/2\/revisions\/423"}],"wp:attachment":[{"href":"https:\/\/hiltmair.de\/index.php?rest_route=%2Fwp%2Fv2%2Fmedia&parent=2"}],"curies":[{"name":"wp","href":"https:\/\/api.w.org\/{rel}","templated":true}]}}